{"id":3645,"date":"2021-11-25T12:56:41","date_gmt":"2021-11-25T15:56:41","guid":{"rendered":"https:\/\/iluminus.cl\/catalogo\/product\/iluminus-bolso-de-transporte-para-equipos-de-iluminacion\/"},"modified":"2026-08-03T12:17:27","modified_gmt":"2026-08-03T15:17:27","slug":"iluminus-bolso-de-transporte-para-equipos-de-iluminacion","status":"publish","type":"product","link":"https:\/\/iluminus.cl\/catalogo\/product\/iluminus-bolso-de-transporte-para-equipos-de-iluminacion\/","title":{"rendered":"Iluminus Bolso de Transporte Para  Equipos de Iluminaci\u00f3n"},"content":{"rendered":"<div class=\"qMYqUG_convSearchResultHighlightRoot\">\n<div class=\"\" data-turn-id-container=\"request-6a147f89-d86c-83e9-9cd6-508b71b86355-2\" data-is-intersecting=\"true\">\n<section class=\"text-token-text-primary w-full focus:outline-none has-data-writing-block:pointer-events-none [&amp;:has([data-writing-block])&gt;*]:pointer-events-auto R6Vx5W_threadScrollVars scroll-mb-[calc(var(--scroll-root-safe-area-inset-bottom,0px)+var(--thread-response-height))] scroll-mt-[calc(var(--header-height)+min(200px,max(70px,20svh)))]\" dir=\"auto\" data-turn-id=\"request-6a147f89-d86c-83e9-9cd6-508b71b86355-2\" data-turn-id-container=\"request-6a147f89-d86c-83e9-9cd6-508b71b86355-2\" data-testid=\"conversation-turn-12\" data-scroll-anchor=\"false\" data-turn=\"assistant\">\n<div class=\"text-base my-auto mx-auto pb-10 [--thread-content-margin:var(--thread-content-margin-xs,calc(var(--spacing)*4))] @w-sm\/main:[--thread-content-margin:var(--thread-content-margin-sm,calc(var(--spacing)*6))] @w-lg\/main:[--thread-content-margin:var(--thread-content-margin-lg,calc(var(--spacing)*16))] px-(--thread-content-margin)\">\n<div class=\"[--thread-content-max-width:40rem] @w-lg\/main:[--thread-content-max-width:48rem] mx-auto max-w-(--thread-content-max-width) flex-1 group\/turn-messages focus-visible:outline-hidden relative flex w-full min-w-0 flex-col agent-turn\">\n<div class=\"flex max-w-full flex-col gap-4 grow\">\n<div class=\"min-h-8 text-message relative flex w-full flex-col items-end gap-2 text-start break-words whitespace-normal outline-none keyboard-focused:focus-ring [.text-message+&amp;]:mt-1\" dir=\"auto\" tabindex=\"0\" data-message-author-role=\"assistant\" data-message-id=\"99bed6eb-54e8-4a2a-ac69-b7f54407dc33\" data-message-model-slug=\"gpt-5-5\" data-turn-start-message=\"true\">\n<div class=\"flex w-full flex-col gap-1 empty:hidden\">\n<div class=\"markdown prose dark:prose-invert wrap-break-word w-full light markdown-new-styling\">\n<h2 data-section-id=\"1gqm90p\" data-start=\"0\" data-end=\"88\"><span class=\"whitespace-normal\">Iluminus<\/span> Bolso de Transporte para Equipos de Iluminaci\u00f3n<\/h2>\n<p data-start=\"90\" data-end=\"340\">Bolso de transporte Iluminus dise\u00f1ado para guardar y trasladar equipos de iluminaci\u00f3n de forma c\u00f3moda y segura. Ideal para fot\u00f3grafos, vide\u00f3grafos y creadores de contenido que necesitan transportar tr\u00edpodes, flashes, soportes y accesorios de estudio.<\/p>\n<p data-start=\"342\" data-end=\"528\">Cuenta con interior acolchado para mayor protecci\u00f3n del equipo, adem\u00e1s de manillas reforzadas y correa ajustable para llevar al hombro, facilitando el transporte en estudio o exteriores.<\/p>\n<h3 data-section-id=\"1iryn1d\" data-start=\"530\" data-end=\"561\">Caracter\u00edsticas Principales<\/h3>\n<ul data-start=\"562\" data-end=\"785\">\n<li data-section-id=\"gy8ifp\" data-start=\"629\" data-end=\"659\">Interior acolchado y suave<\/li>\n<li data-section-id=\"1hopb8\" data-start=\"660\" data-end=\"692\">Correa ajustable para hombro<\/li>\n<li data-section-id=\"1q2teyf\" data-start=\"693\" data-end=\"730\">Manillas de transporte reforzadas<\/li>\n<li data-section-id=\"tg0k1v\" data-start=\"731\" data-end=\"785\">Compatible con equipos y accesorios de iluminaci\u00f3n<\/li>\n<\/ul>\n<h3 data-section-id=\"g5yl83\" data-start=\"787\" data-end=\"801\">Beneficios<\/h3>\n<ul data-start=\"802\" data-end=\"1010\">\n<li data-section-id=\"12eu8vk\" data-start=\"802\" data-end=\"847\">Protege los equipos durante el transporte<\/li>\n<li data-section-id=\"1atk6vt\" data-start=\"848\" data-end=\"898\">Permite organizar accesorios de forma pr\u00e1ctica<\/li>\n<li data-section-id=\"r6sx8r\" data-start=\"899\" data-end=\"948\">Dise\u00f1o c\u00f3modo y resistente para uso frecuente<\/li>\n<li data-section-id=\"143xp2p\" data-start=\"949\" data-end=\"1010\">Ideal para fotograf\u00eda, video y producciones audiovisuales<\/li>\n<\/ul>\n<h3 data-section-id=\"de09ph\" data-start=\"1012\" data-end=\"1026\">Importante<\/h3>\n<p data-start=\"1027\" data-end=\"1166\" data-is-last-node=\"\" data-is-only-node=\"\">Las fotograf\u00edas y videos son referenciales. C\u00e1maras, lentes, tr\u00edpodes y accesorios mostrados en im\u00e1genes no est\u00e1n incluidos en el producto.<\/p>\n<\/div>\n<\/div>\n<\/div>\n<\/div>\n<div class=\"z-0 flex min-h-[46px] justify-start\"><\/div>\n<div class=\"mt-3 w-full empty:hidden\">\n<div class=\"text-center\"><\/div>\n<\/div>\n<\/div>\n<\/div>\n<\/section>\n<\/div>\n<\/div>\n<div class=\"pointer-events-none -mt-px h-px translate-y-[calc(var(--scroll-root-safe-area-inset-bottom)-14*var(--spacing))]\" aria-hidden=\"true\"><\/div>\n<p>&nbsp;<\/p>\n","protected":false},"excerpt":{"rendered":"<p>Iluminus Bolso de Transporte Para\u00a0 Equipos de Iluminaci\u00f3n<\/p>\n","protected":false},"featured_media":3768,"template":"","meta":[],"product_brand":[],"product_cat":[100],"product_tag":[],"class_list":["post-3645","product","type-product","status-publish","has-post-thumbnail","product_cat-accesorios-fotografia","first","instock","shipping-taxable","purchasable","product-type-simple","thumb-has-effect","prod-rating-off"],"_links":{"self":[{"href":"https:\/\/iluminus.cl\/catalogo\/wp-json\/wp\/v2\/product\/3645","targetHints":{"allow":["GET"]}}],"collection":[{"href":"https:\/\/iluminus.cl\/catalogo\/wp-json\/wp\/v2\/product"}],"about":[{"href":"https:\/\/iluminus.cl\/catalogo\/wp-json\/wp\/v2\/types\/product"}],"wp:featuredmedia":[{"embeddable":true,"href":"https:\/\/iluminus.cl\/catalogo\/wp-json\/wp\/v2\/media\/3768"}],"wp:attachment":[{"href":"https:\/\/iluminus.cl\/catalogo\/wp-json\/wp\/v2\/media?parent=3645"}],"wp:term":[{"taxonomy":"product_brand","embeddable":true,"href":"https:\/\/iluminus.cl\/catalogo\/wp-json\/wp\/v2\/product_brand?post=3645"},{"taxonomy":"product_cat","embeddable":true,"href":"https:\/\/iluminus.cl\/catalogo\/wp-json\/wp\/v2\/product_cat?post=3645"},{"taxonomy":"product_tag","embeddable":true,"href":"https:\/\/iluminus.cl\/catalogo\/wp-json\/wp\/v2\/product_tag?post=3645"}],"curies":[{"name":"wp","href":"https:\/\/api.w.org\/{rel}","templated":true}]}}

Iluminus Bolso de Transporte Para  Equipos de Iluminación

<div class="qMYqUG_convSearchResultHighlightRoot">
<div class="" data-turn-id-container="request-6a147f89-d86c-83e9-9cd6-508b71b86355-2" data-is-intersecting="true">
<section class="text-token-text-primary w-full focus:outline-none has-data-writing-block:pointer-events-none [&amp;:has([data-writing-block])&gt;*]:pointer-events-auto R6Vx5W_threadScrollVars scroll-mb-[calc(var(--scroll-root-safe-area-inset-bottom,0px)+var(--thread-response-height))] scroll-mt-[calc(var(--header-height)+min(200px,max(70px,20svh)))]" dir="auto" data-turn-id="request-6a147f89-d86c-83e9-9cd6-508b71b86355-2" data-turn-id-container="request-6a147f89-d86c-83e9-9cd6-508b71b86355-2" data-testid="conversation-turn-12" data-scroll-anchor="false" data-turn="assistant">
<div class="text-base my-auto mx-auto pb-10 [--thread-content-margin:var(--thread-content-margin-xs,calc(var(--spacing)*4))] @w-sm/main:[--thread-content-margin:var(--thread-content-margin-sm,calc(var(--spacing)*6))] @w-lg/main:[--thread-content-margin:var(--thread-content-margin-lg,calc(var(--spacing)*16))] px-(--thread-content-margin)">
<div class="[--thread-content-max-width:40rem] @w-lg/main:[--thread-content-max-width:48rem] mx-auto max-w-(--thread-content-max-width) flex-1 group/turn-messages focus-visible:outline-hidden relative flex w-full min-w-0 flex-col agent-turn">
<div class="flex max-w-full flex-col gap-4 grow">
<div class="min-h-8 text-message relative flex w-full flex-col items-end gap-2 text-start break-words whitespace-normal outline-none keyboard-focused:focus-ring [.text-message+&amp;]:mt-1" dir="auto" tabindex="0" data-message-author-role="assistant" data-message-id="99bed6eb-54e8-4a2a-ac69-b7f54407dc33" data-message-model-slug="gpt-5-5" data-turn-start-message="true">
<div class="flex w-full flex-col gap-1 empty:hidden">
<div class="markdown prose dark:prose-invert wrap-break-word w-full light markdown-new-styling">
<h2 data-section-id="1gqm90p" data-start="0" data-end="88"><span class="whitespace-normal">Iluminus</span> Bolso de Transporte para Equipos de Iluminación</h2>
<p data-start="90" data-end="340">Bolso de transporte Iluminus diseñado para guardar y trasladar equipos de iluminación de forma cómoda y segura. Ideal para fotógrafos, videógrafos y creadores de contenido que necesitan transportar trípodes, flashes, soportes y accesorios de estudio.</p>
<p data-start="342" data-end="528">Cuenta con interior acolchado para mayor protección del equipo, además de manillas reforzadas y correa ajustable para llevar al hombro, facilitando el transporte en estudio o exteriores.</p>
<h3 data-section-id="1iryn1d" data-start="530" data-end="561">Características Principales</h3>
<ul data-start="562" data-end="785">
<li data-section-id="gy8ifp" data-start="629" data-end="659">Interior acolchado y suave</li>
<li data-section-id="1hopb8" data-start="660" data-end="692">Correa ajustable para hombro</li>
<li data-section-id="1q2teyf" data-start="693" data-end="730">Manillas de transporte reforzadas</li>
<li data-section-id="tg0k1v" data-start="731" data-end="785">Compatible con equipos y accesorios de iluminación</li>
</ul>
<h3 data-section-id="g5yl83" data-start="787" data-end="801">Beneficios</h3>
<ul data-start="802" data-end="1010">
<li data-section-id="12eu8vk" data-start="802" data-end="847">Protege los equipos durante el transporte</li>
<li data-section-id="1atk6vt" data-start="848" data-end="898">Permite organizar accesorios de forma práctica</li>
<li data-section-id="r6sx8r" data-start="899" data-end="948">Diseño cómodo y resistente para uso frecuente</li>
<li data-section-id="143xp2p" data-start="949" data-end="1010">Ideal para fotografía, video y producciones audiovisuales</li>
</ul>
<h3 data-section-id="de09ph" data-start="1012" data-end="1026">Importante</h3>
<p data-start="1027" data-end="1166" data-is-last-node="" data-is-only-node="">Las fotografías y videos son referenciales. Cámaras, lentes, trípodes y accesorios mostrados en imágenes no están incluidos en el producto.</p>
</div>
</div>
</div>
</div>
<div class="z-0 flex min-h-[46px] justify-start"></div>
<div class="mt-3 w-full empty:hidden">
<div class="text-center"></div>
</div>
</div>
</div>
</section>
</div>
</div>
<div class="pointer-events-none -mt-px h-px translate-y-[calc(var(--scroll-root-safe-area-inset-bottom)-14*var(--spacing))]" aria-hidden="true"></div>
<p>&nbsp;</p>

<p>Iluminus Bolso de Transporte Para  Equipos de Iluminación</p>
